t r = -1199 + 1692. What is the remainder when r is divided by 45?
43
Suppose 3*x + 72 = 3*w, w + 4*x + 68 = 4*w. Suppose -109 = -3*j + 215. Calculate the remainder when j is divided by w.
24
Suppose 2*y + 3*m = 5*y, -3*y - 5*m - 32 = 0. What is the remainder when y/4*1 + 28 is divided by 6?
3
Let s(p) = 2*p**2 - 20*p - 9. Calculate the remainder when s(11) is divided by 5.
3
What is the remainder when 111 is divided by (14/7 - -38)/2?
11
Suppose 36*s + 69 = 933. What is the remainder when s is divided by 9?
6
Suppose -3*j - 15 = 2*k, 2*j = 5*k - 10*k - 21. What is the remainder when 93 is divided by (-4)/22 - k*712/132?
13
Suppose -5*g - 303 - 261 = -2*p, 0 = -2*p + g + 572. What is the remainder when p is divided by 48?
47
Suppose -2*j - 2*j = 16. Let w be (-10)/(-8) + 1/j. Calculate the remainder when (w/3)/(2/438) is divided by 25.
23
What is the remainder when (-45150)/(-112) + 1/(-8) is divided by 45?
43
Suppose -2*d + 144 = 2*b - 40, b + 1 = 0. Suppose -4*r + d = -r. What is the remainder when r is divided by 17?
14
What is the remainder when 128 + ((-2)/(-4))/(2/(-4)) is divided by 65?
62
Calculate the remainder when 58 - ((-10)/(-15))/((-4)/18) is divided by 17.
10
Let m(y) = -20*y - 46. What is the remainder when m(-4) is divided by 18?
16
Suppose 22*n - 28*n = -2160. What is the remainder when n is divided by 52?
48
Let j(k) be the second derivative of k**4/4 - 5*k**3/3 + k**2/2 + 16*k. Let l(z) = z**2 + 4*z - 6. Calculate the remainder when l(4) is divided by j(4).
8
Let i = -49 + 117. Calculate the remainder when 47 is divided by (2 + -1)/(4/i).
13
Suppose 0 = 4*z + 2*g - 496, 2*g = 18*z - 17*z - 134. What is the remainder when z is divided by 48?
30
Let b = -103 - -277. Let h = -13 - -38. Calculate the remainder when b is divided by h.
24
Suppose 0 = -u + 10*u - 2592. What is the remainder when u is divided by 29?
27
What is the remainder when 1422 is divided by 45 - 7/(-21)*3?
42
Let s(b) = 2*b**2 + 3*b - 2. Let z be s(-3). Suppose -3*q = -z*q - 32. Let h = q + 30. What is the remainder when h is divided by 12?
10
Let b(g) = -g**3 + 10*g**2 + 6*g + 3. Let y be b(10). Let s = y - 38. What is the remainder when s is divided by 13?
12
Suppose 2*n + 176 = 3*n. Suppose -h + 74 = -5*s, 2*h + 4*s - n = -2*h. Calculate the remainder when h is divided by ((-12)/16)/(6/(-80)).
9
Calculate the remainder when (1*-3)/(25/(-300)) is divided by 13.
10
Let r be ((-17)/4)/((-5)/(180*1)). Suppose -77 = -2*j + r. What is the remainder when j is divided by 39?
37
Let f(b) = -b**3 + 12*b**2 - 11*b + 6. What is the remainder when f(5) is divided by (16*3)/((-6)/(-4))?
30
Let o(h) = 4*h - 2. Let q be o(-3). Let r = q - 0. What is the remainder when (60/7)/(r/(-147)) is divided by 23?
21
Suppose 104 = 4*y - 6*h + 2*h, 5*h = y - 6. Let z be 2 + -1 + 0 + 1. Calculate the remainder when y is divided by 1/(z + -1)*16.
15
Let w = 618 + -373. What is the remainder when w is divided by 23?
15
Suppose 0 = 9*n - 4159 + 55. Suppose -4*x - 116 = -n. Calculate the remainder when x is divided by 45.
40
Let x(t) = -t**3 - 5*t**2 - 5*t + 4. Let j(i) = -38*i - 218. What is the remainder when x(-5) is divided by j(-6)?
9
Let g = -56 + 113. Suppose 0 = -7*o + 4*o - g. Let x = o - -27. Calculate the remainder when 22 is divided by x.
6
Let u be ((-5)/(-3) - 3)*9. Let p = -8 - u. Suppose 8 = p*b, -3*k + 0*b + 67 = -b. Calculate the remainder when k is divided by 8.
7
Let w = -156 - -185. Calculate the remainder when 31 is divided by w.
2
Suppose 62*n - 59*n = 72. Let a = 4 + 65. Calculate the remainder when a is divided by n.
21
Let t = 1 + 26. Calculate the remainder when ((-2014)/(-76))/(1/6) is divided by t.
24
Suppose 1 + 17 = 6*r. Suppose -3*x + 8*x + 5*p - 15 = 0, 0 = -p + r. Suppose x = 5*l - 60 - 20. What is the remainder when 30 is divided by l?
14
What is the remainder when 103 is divided by (-27 + 1)*(-35)/70 + 3?
7
Suppose 4*y - r + 6*r - 999 = 0, 3*y = 3*r + 756. What is the remainder when y is divided by 12?
11
Suppose -3*g - 1 + 10 = 0. Suppose g*f = 30 - 3. Let j = f - 7. Calculate the remainder when j is divided by 2.
0
Let g(i) = 21*i**2 + 3*i - 15. Let q be g(-5). Let m(t) = 3*t**2 + 4*t - 1. What is the remainder when m(3) is divided by q/60 + 2/(-8)?
6
Let q(w) = 6*w**2 - 58*w + 2. What is the remainder when q(13) is divided by 144?
118
Let j(c) = 5*c**3 - 24*c**2 - 17*c - 5. Let d(p) = -4*p**3 + 23*p**2 + 17*p + 5. Let y(u) = 6*d(u) + 5*j(u). What is the remainder when 6 is divided by y(-17)?
1
Let u(p) = p**2 - 32*p - 603. What is the remainder when 125 is divided by u(-14)?
2
Suppose 18*c - 27 = -9*c. Calculate the remainder when 18 is divided by c.
0
Let z(d) = -d**3 + 28*d**2 + 60*d + 5. Suppose 17*n = 5*n + 360. What is the remainder when 24 is divided by z(n)?
4
Suppose -21 = -3*i - 2*k, 0 = -0*k - k - 3. Let u be (-6)/(-3) + 10*13. Suppose -u = q - 5*q. Calculate the remainder when q is divided by i.
6
Let c(u) = -u + 6. Let j = -37 - -17. What is the remainder when 33 + (-5)/(j/(-8)) is divided by c(-5)?
9
Let t be 2528/10 + (-5)/(-25). Calculate the remainder when 90 is divided by (t/33)/((-2)/(-12)).
44
Suppose -y + 5 = -10. Suppose 4*p + f - 14 = -0, 2*p - 10 = f. Calculate the remainder when (86/4)/(2/p) is divided by y.
13
Suppose -d + 2 + 1 = 0. Let r(v) be the third derivative of 7*v**6/120 - v**4/12 + v**3/2 + 6*v**2. What is the remainder when r(1) is divided by d?
2
Let l be (51 + -4 + 3)*1. What is the remainder when ((-10)/l - 191/(-5)) + -3 is divided by 6/((-1)/(-3) - 0)?
17
Suppose 20*k - 10784 = -4204. What is the remainder when k is divided by 15?
14
Suppose 2*n = 3*b - 48, 0 = 3*b + n + 4*n - 27. Let q(s) = -13 + s**2 - s**3 + 10*s + 5 - 3*s**2 - 4*s**2. Calculate the remainder when q(-8) is divided by b.
12
Suppose -f + 29 = -0*f. Let u(d) = d**3 - 6*d**2 + 7*d - 8. Let s be u(7). Let w = s - f. Calculate the remainder when w is divided by 16.
13
Let l(j) = -5*j + 220. Calculate the remainder when l(19) is divided by 27.
17
Suppose -z + 57 = -3*f - 26, 5*z = 4*f + 448. What is the remainder when z is divided by 8?
4
Let u(c) = -81*c - 78. Let w(b) = -5*b - 5. Let a(p) = -2*u(p) + 33*w(p). What is the remainder when a(-9) is divided by 13?
5
Let b(p) = 28*p**2 - 17*p + 52. Calculate the remainder when b(6) is divided by 24.
22
Let t(k) = 27*k + 40. Let s be t(8). Suppose -s = -3*l + 4*f, -3*f + 4*f = 4*l - 337. Calculate the remainder when l is divided by 25.
9
Let j = 25 - 1. Let z = -432 + 447. Calculate the remainder when j is divided by z.
9
Let q(k) = k + 5. Let v be q(4). Suppose -2*g + 5*g = v. Suppose 2*z + g*z = 185. Calculate the remainder when z is divided by 13.
11
Suppose r = -4*v - 0*v + 8, -v - 3*r - 9 = 0. Suppose -c - q + 13 = -v, -2*c + q + 41 = 0. Calculate the remainder when 91 is divided by c.
15
Let b = -71 - -80. Calculate the remainder when 98 is divided by b.
8
Let l(a) = -3*a**2 + 54*a - 76. Let x = -168 + 265. Calculate the remainder when x is divided by l(16).
17
Let x = 158 + -96. Let i = x + 13. Let o(g) = 10*g - 1. What is the remainder when i is divided by o(2)?
18
Suppose -5*a = -9*a + 92. Suppose -36 = -a*c + 20*c. Calculate the remainder when 46 is divided by c.
10
Let p = -307 + 495. Calculate the remainder when p is divided by 64.
60
Let n = 158 + -102. Suppose -5*x + 64 = -a, n = 4*x - 0*a - 2*a. Calculate the remainder when 31 is divided by x.
7
What is the remainder when 130 is divided by (-66)/8*152/(-57)?
20
Let g(s) = -3*s**3 + 6*s**2 - 3*s + 4. Let z be g(4). What is the remainder when (z/5)/(4/(-10)) is divided by 27?
25
Let n(r) = r**2 - 6*r + 4. Let g be n(6). What is the remainder when (1 + (-38)/g)*-2 is divided by 10?
7
Suppose -45*f = -22*f - 46. What is the remainder when 61 is divided by f?
1
Suppose -31*q - q = -33952. Calculate the remainder when q is divided by 97.
91
Let s(a) = a**3 + 9*a**2 - 7*a + 17. Calculate the remainder when s(-9) is divided by 72.
8
Let k = 379 + -337. Calculate the remainder when 123 is divided by k.
39
What is the remainder when ((-45)/(-30))/((-12)/(-848) + 0) is divided by 95?
11
Let n(s) = -s**2 + 24*s - 37. Let m be n(18). Suppose -1 = 5*l - m. What is the remainder when l is divided by 1*(-7)/(-1) + 1?
6
Suppose -13*w + 14*w - 166 =